{"id":109,"date":"2023-09-17T18:36:36","date_gmt":"2023-09-17T16:36:36","guid":{"rendered":"https:\/\/www.droit-dentaire.fr\/?page_id=109"},"modified":"2025-04-18T09:41:20","modified_gmt":"2025-04-18T07:41:20","slug":"publications","status":"publish","type":"page","link":"https:\/\/www.droit-dentaire.fr\/index.php\/publications\/","title":{"rendered":"Publications"},"content":{"rendered":"\n<div class=\"wp-block-media-text has-media-on-the-right is-stacked-on-mobile\" style=\"grid-template-columns:auto 40%\"><div class=\"wp-block-media-text__content\">\n<h2 class=\"wp-block-heading\">Publications<\/h2>\n\n\n\n<p>Retrouvez ici une s\u00e9lection de publications dans le domaine du droit dentaire en France<\/p>\n<\/div><figure class=\"wp-block-media-text__media\"><img loading=\"lazy\" decoding=\"async\" width=\"1000\" height=\"1000\" src=\"https:\/\/www.droit-dentaire.fr\/wp-content\/uploads\/2023\/09\/Livres.png\" alt=\"\" class=\"wp-image-121 size-full\" srcset=\"https:\/\/www.droit-dentaire.fr\/wp-content\/uploads\/2023\/09\/Livres.png 1000w, https:\/\/www.droit-dentaire.fr\/wp-content\/uploads\/2023\/09\/Livres-300x300.png 300w, https:\/\/www.droit-dentaire.fr\/wp-content\/uploads\/2023\/09\/Livres-150x150.png 150w, https:\/\/www.droit-dentaire.fr\/wp-content\/uploads\/2023\/09\/Livres-768x768.png 768w\" sizes=\"auto, (max-width: 1000px) 100vw, 1000px\" \/><\/figure><\/div>\n\n\n\n<div class=\"wp-block-columns is-layout-flex wp-container-core-columns-is-layout-28f84493 wp-block-columns-is-layout-flex\">\n<div class=\"wp-block-column is-layout-flow wp-block-column-is-layout-flow\">\n<hr class=\"wp-block-separator has-alpha-channel-opacity\"\/>\n<\/div>\n<\/div>\n\n\n\n<div style=\"height:35px\" aria-hidden=\"true\" class=\"wp-block-spacer\"><\/div>\n\n\n\n<blockquote class=\"wp-block-quote is-layout-flow wp-block-quote-is-layout-flow\">\n<p><em>Avertissement : il convient de prendre en compte les dates et \u00e9ditions de publication. En effet, certaines r\u00e8gles ou concepts peuvent \u00e9voluer depuis la publication de l&rsquo;ouvrage. <\/em><\/p>\n<\/blockquote>\n\n\n\n<div style=\"height:48px\" aria-hidden=\"true\" class=\"wp-block-spacer\"><\/div>\n\n\n\n<h4 class=\"wp-block-heading\">Responsabilit\u00e9s, dommage corporel et r\u00e9paration<\/h4>\n\n\n\n<div class=\"wp-block-columns is-layout-flex wp-container-core-columns-is-layout-28f84493 wp-block-columns-is-layout-flex\">\n<div class=\"wp-block-column is-layout-flow wp-block-column-is-layout-flow\">\n<div class=\"wp-block-columns is-layout-flex wp-container-core-columns-is-layout-28f84493 wp-block-columns-is-layout-flex\">\n<div class=\"wp-block-column is-layout-flow wp-block-column-is-layout-flow\" style=\"flex-basis:66.66%\">\n<p>Marc SABEK. Les responsabilit\u00e9s du chirurgien-dentiste. LEH Editions, 2\u00e8me \u00e9dition, 2012<\/p>\n<\/div>\n\n\n\n<div class=\"wp-block-column is-layout-flow wp-block-column-is-layout-flow\" style=\"flex-basis:33.33%\">\n<div class=\"wp-block-buttons is-layout-flex wp-block-buttons-is-layout-flex\">\n<div class=\"wp-block-button\"><a class=\"wp-block-button__link wp-element-button\" href=\"https:\/\/www.lgdj.fr\/les-responsabilites-du-chirurgien-dentiste-9782848743776.html\" target=\"_blank\" rel=\"noreferrer noopener\">Lien<\/a><\/div>\n<\/div>\n<\/div>\n<\/div>\n\n\n\n<div class=\"wp-block-columns is-layout-flex wp-container-core-columns-is-layout-28f84493 wp-block-columns-is-layout-flex\">\n<div class=\"wp-block-column is-layout-flow wp-block-column-is-layout-flow\" style=\"flex-basis:66.66%\">\n<p>Hadrien DIAKONOFF. Les responsabilit\u00e9s li\u00e9es \u00e0 l&rsquo;implantologie orale. LEH Editions, 2023<\/p>\n<\/div>\n\n\n\n<div class=\"wp-block-column is-layout-flow wp-block-column-is-layout-flow\" style=\"flex-basis:33.33%\">\n<div class=\"wp-block-buttons is-layout-flex wp-block-buttons-is-layout-flex\">\n<div class=\"wp-block-button\"><a class=\"wp-block-button__link wp-element-button\" href=\"https:\/\/www.bnds.fr\/edition-numerique\/collection\/theses-numeriques-de-la-bnds\/les-responsabilites-liees-a-limplantologie-orale-volume-19-9782386120077.html\" target=\"_blank\" rel=\"noreferrer noopener\">Lien<\/a><\/div>\n<\/div>\n<\/div>\n<\/div>\n\n\n\n<div class=\"wp-block-columns is-layout-flex wp-container-core-columns-is-layout-28f84493 wp-block-columns-is-layout-flex\">\n<div class=\"wp-block-column is-layout-flow wp-block-column-is-layout-flow\" style=\"flex-basis:66.66%\">\n<p>Christophe QU\u00c9ZEL-AMBRUNAZ. Le droit du dommage corporel. Caract\u00e9risation, \u00e9valuation et indemnisation des pr\u00e9judices, 2023<\/p>\n<\/div>\n\n\n\n<div class=\"wp-block-column is-layout-flow wp-block-column-is-layout-flow\" style=\"flex-basis:33.33%\">\n<div class=\"wp-block-buttons is-layout-flex wp-block-buttons-is-layout-flex\">\n<div class=\"wp-block-button\"><a class=\"wp-block-button__link wp-element-button\" href=\"https:\/\/www.lgdj.fr\/le-droit-du-dommage-corporel-9782275131207.html\" target=\"_blank\" rel=\"noreferrer noopener\">Lien<\/a><\/div>\n<\/div>\n<\/div>\n<\/div>\n\n\n\n<div class=\"wp-block-columns is-layout-flex wp-container-core-columns-is-layout-28f84493 wp-block-columns-is-layout-flex\">\n<div class=\"wp-block-column is-layout-flow wp-block-column-is-layout-flow\" style=\"flex-basis:66.66%\">\n<p>Yvonne LAMBERT-FAIVRE, St\u00e9phanie PORCHY-SIMON. Droit du dommage corporel. Syst\u00e8mes d&rsquo;indemnisation, 9\u00e8me \u00e9dition, 2023<\/p>\n<\/div>\n\n\n\n<div class=\"wp-block-column is-layout-flow wp-block-column-is-layout-flow\" style=\"flex-basis:33.33%\">\n<div class=\"wp-block-buttons is-layout-flex wp-block-buttons-is-layout-flex\">\n<div class=\"wp-block-button\"><a class=\"wp-block-button__link wp-element-button\" href=\"https:\/\/www.lgdj.fr\/droit-du-dommage-corporel-9782247188819.html\" target=\"_blank\" rel=\"noreferrer noopener\">Lien<\/a><\/div>\n<\/div>\n<\/div>\n<\/div>\n\n\n\n<div style=\"height:30px\" aria-hidden=\"true\" class=\"wp-block-spacer\"><\/div>\n\n\n\n<h4 class=\"wp-block-heading\">D\u00e9marche qualit\u00e9 au cabinet dentaire<\/h4>\n\n\n\n<div class=\"wp-block-columns is-layout-flex wp-container-core-columns-is-layout-28f84493 wp-block-columns-is-layout-flex\">\n<div class=\"wp-block-column is-layout-flow wp-block-column-is-layout-flow\" style=\"flex-basis:66.66%\">\n<p>Association Dentaire Fran\u00e7aise. Grille technique d\u2019\u00e9valuation pour la pr\u00e9vention des infections associ\u00e9es aux soins, 2015<\/p>\n<\/div>\n\n\n\n<div class=\"wp-block-column is-layout-flow wp-block-column-is-layout-flow\" style=\"flex-basis:33.33%\">\n<div class=\"wp-block-buttons is-layout-flex wp-block-buttons-is-layout-flex\">\n<div class=\"wp-block-button\"><a class=\"wp-block-button__link wp-element-button\" href=\"https:\/\/publications.adf.asso.fr\/publications\/\" target=\"_blank\" rel=\"noreferrer noopener\">Lien<\/a><\/div>\n<\/div>\n<\/div>\n<\/div>\n\n\n\n<div class=\"wp-block-columns is-layout-flex wp-container-core-columns-is-layout-28f84493 wp-block-columns-is-layout-flex\">\n<div class=\"wp-block-column is-layout-flow wp-block-column-is-layout-flow\" style=\"flex-basis:66.66%\">\n<p>Association Dentaire Fran\u00e7aise. Installations de g\u00e9n\u00e9rateurs de rayonnements ionisants en cabinet dentaire \u2013 Validation par une m\u00e9thode simplifi\u00e9e, 2019<\/p>\n<\/div>\n\n\n\n<div class=\"wp-block-column is-layout-flow wp-block-column-is-layout-flow\" style=\"flex-basis:33.33%\">\n<div class=\"wp-block-buttons is-layout-flex wp-block-buttons-is-layout-flex\">\n<div class=\"wp-block-button\"><a class=\"wp-block-button__link wp-element-button\" href=\"https:\/\/publications.adf.asso.fr\/publications\/\" target=\"_blank\" rel=\"noreferrer noopener\">Lien<\/a><\/div>\n<\/div>\n<\/div>\n<\/div>\n\n\n\n<div class=\"wp-block-columns is-layout-flex wp-container-core-columns-is-layout-28f84493 wp-block-columns-is-layout-flex\">\n<div class=\"wp-block-column is-layout-flow wp-block-column-is-layout-flow\" style=\"flex-basis:66.66%\">\n<p>Association Dentaire Fran\u00e7aise. D\u00e9marche \u00e9coresponsable au cabinet dentaire, 2021<\/p>\n<\/div>\n\n\n\n<div class=\"wp-block-column is-layout-flow wp-block-column-is-layout-flow\" style=\"flex-basis:33.33%\">\n<div class=\"wp-block-buttons is-layout-flex wp-block-buttons-is-layout-flex\">\n<div class=\"wp-block-button\"><a class=\"wp-block-button__link wp-element-button\" href=\"https:\/\/publications.adf.asso.fr\/publications\/\" target=\"_blank\" rel=\"noreferrer noopener\">Lien<\/a><\/div>\n<\/div>\n<\/div>\n<\/div>\n\n\n\n<div class=\"wp-block-columns is-layout-flex wp-container-core-columns-is-layout-28f84493 wp-block-columns-is-layout-flex\">\n<div class=\"wp-block-column is-layout-flow wp-block-column-is-layout-flow\" style=\"flex-basis:66.66%\">\n<p>Association Dentaire Fran\u00e7aise. Grille technique pour l\u2019\u00e9valuation des risques professionnels en cabinet dentaire\/Aide \u00e0 l\u2019\u00e9laboration du Document Unique, 2013<\/p>\n<\/div>\n\n\n\n<div class=\"wp-block-column is-layout-flow wp-block-column-is-layout-flow\" style=\"flex-basis:33.33%\">\n<div class=\"wp-block-buttons is-layout-flex wp-block-buttons-is-layout-flex\">\n<div class=\"wp-block-button\"><a class=\"wp-block-button__link wp-element-button\" href=\"https:\/\/publications.adf.asso.fr\/publications\/page\/2\/\" target=\"_blank\" rel=\"noreferrer noopener\">Lien<\/a><\/div>\n<\/div>\n<\/div>\n<\/div>\n\n\n\n<div class=\"wp-block-columns is-layout-flex wp-container-core-columns-is-layout-28f84493 wp-block-columns-is-layout-flex\">\n<div class=\"wp-block-column is-layout-flow wp-block-column-is-layout-flow\" style=\"flex-basis:66.66%\">\n<p>Association Dentaire Fran\u00e7aise. Guide d\u2019installation des cabinets dentaires \u2013 Aspects r\u00e9glementaires et Conseils, 2017<\/p>\n<\/div>\n\n\n\n<div class=\"wp-block-column is-layout-flow wp-block-column-is-layout-flow\" style=\"flex-basis:33.33%\">\n<div class=\"wp-block-buttons is-layout-flex wp-block-buttons-is-layout-flex\">\n<div class=\"wp-block-button\"><a class=\"wp-block-button__link wp-element-button\" href=\"https:\/\/publications.adf.asso.fr\/publications\/page\/2\/\" target=\"_blank\" rel=\"noreferrer noopener\">Lien<\/a><\/div>\n<\/div>\n<\/div>\n<\/div>\n\n\n\n<div class=\"wp-block-columns is-layout-flex wp-container-core-columns-is-layout-28f84493 wp-block-columns-is-layout-flex\">\n<div class=\"wp-block-column is-layout-flow wp-block-column-is-layout-flow\" style=\"flex-basis:66.66%\">\n<p>Association Dentaire Fran\u00e7aise. Assurance de la qualit\u00e9 en imagerie m\u00e9dicale mettant en \u0153uvre des rayonnements ionisants \u2013 Radiologie dentaire, 2019<\/p>\n<\/div>\n\n\n\n<div class=\"wp-block-column is-layout-flow wp-block-column-is-layout-flow\" style=\"flex-basis:33.33%\">\n<div class=\"wp-block-buttons is-layout-flex wp-block-buttons-is-layout-flex\">\n<div class=\"wp-block-button\"><a class=\"wp-block-button__link wp-element-button\" href=\"https:\/\/publications.adf.asso.fr\/publications\/page\/2\/\" target=\"_blank\" rel=\"noreferrer noopener\">Lien<\/a><\/div>\n<\/div>\n<\/div>\n<\/div>\n\n\n\n<div class=\"wp-block-columns is-layout-flex wp-container-core-columns-is-layout-28f84493 wp-block-columns-is-layout-flex\">\n<div class=\"wp-block-column is-layout-flow wp-block-column-is-layout-flow\" style=\"flex-basis:66.66%\">\n<p>J. VERMEULEN. Organisation quotidienne du cabinet dentaire &#8211; Le M\u00e9mo<\/p>\n<\/div>\n\n\n\n<div class=\"wp-block-column is-layout-flow wp-block-column-is-layout-flow\" style=\"flex-basis:33.33%\">\n<div class=\"wp-block-buttons is-layout-flex wp-block-buttons-is-layout-flex\">\n<div class=\"wp-block-button\"><a class=\"wp-block-button__link wp-element-button\" href=\"https:\/\/www.editionscdp.fr\/boutique\/livres\/G10969\/organisation-quotidienne-du-cabinet-dentaire-le-memo.html?univers=organisation#tabchar\" target=\"_blank\" rel=\"noreferrer noopener\">Lien<\/a><\/div>\n<\/div>\n<\/div>\n<\/div>\n\n\n\n<div class=\"wp-block-columns is-layout-flex wp-container-core-columns-is-layout-28f84493 wp-block-columns-is-layout-flex\">\n<div class=\"wp-block-column is-layout-flow wp-block-column-is-layout-flow\" style=\"flex-basis:66.66%\">\n<p>Michel SIXOU. Hygi\u00e8ne et asepsie au cabinet dentaire, 2023<\/p>\n<\/div>\n\n\n\n<div class=\"wp-block-column is-layout-flow wp-block-column-is-layout-flow\" style=\"flex-basis:33.33%\">\n<div class=\"wp-block-buttons is-layout-flex wp-block-buttons-is-layout-flex\">\n<div class=\"wp-block-button\"><a class=\"wp-block-button__link wp-element-button\" href=\"https:\/\/www.editionscdp.fr\/boutique\/livres\/G1015598\/hygiene-et-asepsie-au-cabinet-dentaire.html?univers=hygiene#tabchar\" target=\"_blank\" rel=\"noreferrer noopener\">Lien<\/a><\/div>\n<\/div>\n<\/div>\n<\/div>\n\n\n\n<div style=\"height:30px\" aria-hidden=\"true\" class=\"wp-block-spacer\"><\/div>\n\n\n\n<h4 class=\"wp-block-heading\">Pr\u00e9vention des risques<\/h4>\n\n\n\n<div class=\"wp-block-columns is-layout-flex wp-container-core-columns-is-layout-28f84493 wp-block-columns-is-layout-flex\">\n<div class=\"wp-block-column is-layout-flow wp-block-column-is-layout-flow\" style=\"flex-basis:66.66%\">\n<p>Association Dentaire Fran\u00e7aise. Urgences m\u00e9dicales au cabinet dentaire, 2019<\/p>\n<\/div>\n\n\n\n<div class=\"wp-block-column is-layout-flow wp-block-column-is-layout-flow\" style=\"flex-basis:33.33%\">\n<div class=\"wp-block-buttons is-layout-flex wp-block-buttons-is-layout-flex\">\n<div class=\"wp-block-button\"><a class=\"wp-block-button__link wp-element-button\" href=\"https:\/\/publications.adf.asso.fr\/publications\/#product111\" target=\"_blank\" rel=\"noreferrer noopener\">Lien<\/a><\/div>\n<\/div>\n<\/div>\n<\/div>\n\n\n\n<div style=\"height:30px\" aria-hidden=\"true\" class=\"wp-block-spacer\"><\/div>\n\n\n\n<h4 class=\"wp-block-heading\">Nomenclature des actes<\/h4>\n\n\n\n<div class=\"wp-block-columns is-layout-flex wp-container-core-columns-is-layout-28f84493 wp-block-columns-is-layout-flex\">\n<div class=\"wp-block-column is-layout-flow wp-block-column-is-layout-flow\" style=\"flex-basis:66.66%\">\n<p>Marc SABEK. Honoraires et Nomenclatures<br>8e \u00e9dition, 2024<\/p>\n<\/div>\n\n\n\n<div class=\"wp-block-column is-layout-flow wp-block-column-is-layout-flow\" style=\"flex-basis:33.33%\">\n<div class=\"wp-block-buttons is-layout-flex wp-block-buttons-is-layout-flex\">\n<div class=\"wp-block-button\"><a class=\"wp-block-button__link wp-element-button\" href=\"https:\/\/www.information-dentaire.fr\/produit\/concepts-marc-sabek-honoraires-et-nomenclatures-huitieme-edition-2024\/?gclid=CjwKCAiAp5qsBhAPEiwAP0qeJgMc6mj3tKGyMWE6C5ORNmXKrV1lC8X63z_j_XQiQ_4tnid79cMW_xoCnYQQAvD_BwE\" target=\"_blank\" rel=\"noreferrer noopener\">Lien<\/a><\/div>\n<\/div>\n<\/div>\n<\/div>\n\n\n\n<div style=\"height:30px\" aria-hidden=\"true\" class=\"wp-block-spacer\"><\/div>\n\n\n\n<h4 class=\"wp-block-heading\">Articles dans les revues scientifiques et juridiques<\/h4>\n\n\n\n<p><em>Liste non exhaustive<\/em><\/p>\n\n\n\n<div class=\"wp-block-columns is-layout-flex wp-container-core-columns-is-layout-28f84493 wp-block-columns-is-layout-flex\">\n<div class=\"wp-block-column is-layout-flow wp-block-column-is-layout-flow\" style=\"flex-basis:66.66%\">\n<p>Fr\u00e9d\u00e9ric CAMILLERI. Office national d&rsquo;indemnisation des accidents m\u00e9dicaux et Commission r\u00e9gionale de conciliation et d&rsquo;indemnisation des accidents m\u00e9dicaux: organisation, but, moyens, int\u00e9r\u00eat en odonto-stomatologie.&nbsp;<em>EMC-Odontologie<\/em>, 2005, vol. 1, no 4, p. 298-306.<\/p>\n<\/div>\n\n\n\n<div class=\"wp-block-column is-layout-flow wp-block-column-is-layout-flow\" style=\"flex-basis:33.33%\">\n<div class=\"wp-block-buttons is-layout-flex wp-block-buttons-is-layout-flex\">\n<div class=\"wp-block-button\"><a class=\"wp-block-button__link wp-element-button\" href=\"https:\/\/onlinelibrary.wiley.com\/doi\/full\/10.1111\/edt.12770\" target=\"_blank\" rel=\"noreferrer noopener\">Lien<\/a><\/div>\n<\/div>\n<\/div>\n<\/div>\n\n\n\n<div class=\"wp-block-columns is-layout-flex wp-container-core-columns-is-layout-28f84493 wp-block-columns-is-layout-flex\">\n<div class=\"wp-block-column is-layout-flow wp-block-column-is-layout-flow\" style=\"flex-basis:66.66%\">\n<p>B\u00e9atrice AKNINE. Le respect des obligations l\u00e9gales et r\u00e8glementaires du chirurgien-dentiste.&nbsp;<em>Revue d&rsquo;Orthop\u00e9die Dento-Faciale<\/em>, 2018, vol. 52, no 3, p. 235-253.<\/p>\n<\/div>\n\n\n\n<div class=\"wp-block-column is-layout-flow wp-block-column-is-layout-flow\" style=\"flex-basis:33.33%\">\n<div class=\"wp-block-buttons is-layout-flex wp-block-buttons-is-layout-flex\">\n<div class=\"wp-block-button\"><a class=\"wp-block-button__link wp-element-button\" href=\"https:\/\/odf.edpsciences.org\/articles\/odf\/abs\/2018\/03\/odf180014\/odf180014.html\" target=\"_blank\" rel=\"noreferrer noopener\">Lien<\/a><\/div>\n<\/div>\n<\/div>\n<\/div>\n\n\n\n<div class=\"wp-block-columns is-layout-flex wp-container-core-columns-is-layout-28f84493 wp-block-columns-is-layout-flex\">\n<div class=\"wp-block-column is-layout-flow wp-block-column-is-layout-flow\" style=\"flex-basis:66.66%\">\n<p>Hadrien DIAKONOFF, Nathan MOREAU. Inferior alveolar nerve injury following dental implant placement: A medicolegal analysis of French liability lawsuits Journal of Stomatology, Oral and Maxillofacial Surgery 123 (2), 158-162<\/p>\n<\/div>\n\n\n\n<div class=\"wp-block-column is-layout-flow wp-block-column-is-layout-flow\" style=\"flex-basis:33.33%\">\n<div class=\"wp-block-buttons is-layout-flex wp-block-buttons-is-layout-flex\">\n<div class=\"wp-block-button\"><a class=\"wp-block-button__link wp-element-button\" href=\"https:\/\/www.sciencedirect.com\/science\/article\/abs\/pii\/S2468785521001348\" target=\"_blank\" rel=\"noreferrer noopener\">Lien<\/a><\/div>\n<\/div>\n<\/div>\n<\/div>\n\n\n\n<div class=\"wp-block-columns is-layout-flex wp-container-core-columns-is-layout-28f84493 wp-block-columns-is-layout-flex\">\n<div class=\"wp-block-column is-layout-flow wp-block-column-is-layout-flow\" style=\"flex-basis:66.66%\">\n<p>Hadrien DIAKONOFF, Ga\u00ebl DE ROCQUIGNY, JP TOURTIER, Aurore GUIGON. Medicolegal issues of peri\u2010anaesthetic dental injuries: A 21\u2010years review of liability lawsuits in France. Dental Traumatology 38 (5), 391-396<\/p>\n<\/div>\n\n\n\n<div class=\"wp-block-column is-layout-flow wp-block-column-is-layout-flow\" style=\"flex-basis:33.33%\">\n<div class=\"wp-block-buttons is-layout-flex wp-block-buttons-is-layout-flex\">\n<div class=\"wp-block-button\"><a class=\"wp-block-button__link wp-element-button\" href=\"https:\/\/onlinelibrary.wiley.com\/doi\/full\/10.1111\/edt.12770\" target=\"_blank\" rel=\"noreferrer noopener\">Lien<\/a><\/div>\n<\/div>\n<\/div>\n<\/div>\n\n\n\n<div class=\"wp-block-columns is-layout-flex wp-container-core-columns-is-layout-28f84493 wp-block-columns-is-layout-flex\">\n<div class=\"wp-block-column is-layout-flow wp-block-column-is-layout-flow\" style=\"flex-basis:66.66%\">\n<p>Aude POLLET, Hadrien DIAKONOFF. Assessment of the online presence and regulatory compliance of dental practice websites in France. Digital Health, 10, 2024.<\/p>\n<\/div>\n\n\n\n<div class=\"wp-block-column is-layout-flow wp-block-column-is-layout-flow\" style=\"flex-basis:33.33%\">\n<div class=\"wp-block-buttons is-layout-flex wp-block-buttons-is-layout-flex\">\n<div class=\"wp-block-button\"><a class=\"wp-block-button__link wp-element-button\" href=\"https:\/\/journals.sagepub.com\/doi\/abs\/10.1177\/20552076241258143\" target=\"_blank\" rel=\"noreferrer noopener\">Lien<\/a><\/div>\n<\/div>\n<\/div>\n<\/div>\n\n\n\n<div class=\"wp-block-columns is-layout-flex wp-container-core-columns-is-layout-28f84493 wp-block-columns-is-layout-flex\">\n<div class=\"wp-block-column is-layout-flow wp-block-column-is-layout-flow\" style=\"flex-basis:66.66%\">\n<p>Margot GUICHARD, Hadrien DIAKONOFF. Patient information in dentistry: the standard dental treatment form, a French health policy.&nbsp;<em>Sante Publique<\/em>, 2023, vol. 35, no 1, p. 15-20.<\/p>\n<\/div>\n\n\n\n<div class=\"wp-block-column is-layout-flow wp-block-column-is-layout-flow\" style=\"flex-basis:33.33%\">\n<div class=\"wp-block-buttons is-layout-flex wp-block-buttons-is-layout-flex\">\n<div class=\"wp-block-button\"><a class=\"wp-block-button__link wp-element-button\" href=\"https:\/\/www.cairn-int.info\/journal-sante-publique-2023-1-page-15.htm\" target=\"_blank\" rel=\"noreferrer noopener\">Lien<\/a><\/div>\n<\/div>\n<\/div>\n<\/div>\n\n\n\n<div class=\"wp-block-columns is-layout-flex wp-container-core-columns-is-layout-28f84493 wp-block-columns-is-layout-flex\">\n<div class=\"wp-block-column is-layout-flow wp-block-column-is-layout-flow\" style=\"flex-basis:66.66%\">\n<p>DIAKONOFF Hadrien. Fiscalit\u00e9 et implantologie orale.&nbsp;<em>Journal de droit de la sant\u00e9 et de l&rsquo;assurance maladie<\/em>, 2021, no 29.<\/p>\n<\/div>\n\n\n\n<div class=\"wp-block-column is-layout-flow wp-block-column-is-layout-flow\" style=\"flex-basis:33.33%\">\n<div class=\"wp-block-buttons is-layout-flex wp-block-buttons-is-layout-flex\">\n<div class=\"wp-block-button\"><a class=\"wp-block-button__link wp-element-button\" href=\"https:\/\/hal.science\/hal-04005888\/\" target=\"_blank\" rel=\"noreferrer noopener\">Lien<\/a><\/div>\n<\/div>\n<\/div>\n<\/div>\n\n\n\n<div class=\"wp-block-columns is-layout-flex wp-container-core-columns-is-layout-28f84493 wp-block-columns-is-layout-flex\">\n<div class=\"wp-block-column is-layout-flow wp-block-column-is-layout-flow\" style=\"flex-basis:66.66%\">\n<p>DIAKONOFF Hadrien. Responsabilit\u00e9 p\u00e9nale et chirurgie-dentaire : un \u00e9tat des<br>lieux actualis\u00e9.\u00a0<em>Journal de droit de la sant\u00e9 et de l&rsquo;assurance maladie<\/em>, 2025, no 43, p. 45-55.<\/p>\n<\/div>\n\n\n\n<div class=\"wp-block-column is-layout-flow wp-block-column-is-layout-flow\" style=\"flex-basis:33.33%\">\n<div class=\"wp-block-buttons is-layout-flex wp-block-buttons-is-layout-flex\">\n<div class=\"wp-block-button\"><a class=\"wp-block-button__link wp-element-button\" href=\"http:\/\/www.droit-dentaire.fr\/wp-content\/uploads\/2025\/04\/JDSAM-RespPenale-Dentiste.pdf\" target=\"_blank\" rel=\"noreferrer noopener\">Lien<\/a><\/div>\n<\/div>\n<\/div>\n<\/div>\n<\/div>\n<\/div>\n\n\n\n<p><\/p>\n","protected":false},"excerpt":{"rendered":"<p>Publications Retrouvez ici une s\u00e9lection de publications dans le domaine du droit dentaire en France Avertissement : il convient de prendre en compte les dates et \u00e9ditions de publication. En effet, certaines r\u00e8gles ou concepts peuvent \u00e9voluer depuis la publication de l&rsquo;ouvrage. Responsabilit\u00e9s, dommage corporel et r\u00e9paration Marc SABEK. Les responsabilit\u00e9s du chirurgien-dentiste. LEH Editions, [&hellip;]<\/p>\n","protected":false},"author":1,"featured_media":0,"parent":0,"menu_order":0,"comment_status":"closed","ping_status":"closed","template":"","meta":{"footnotes":""},"class_list":["post-109","page","type-page","status-publish","hentry"],"_links":{"self":[{"href":"https:\/\/www.droit-dentaire.fr\/index.php\/wp-json\/wp\/v2\/pages\/109","targetHints":{"allow":["GET"]}}],"collection":[{"href":"https:\/\/www.droit-dentaire.fr\/index.php\/wp-json\/wp\/v2\/pages"}],"about":[{"href":"https:\/\/www.droit-dentaire.fr\/index.php\/wp-json\/wp\/v2\/types\/page"}],"author":[{"embeddable":true,"href":"https:\/\/www.droit-dentaire.fr\/index.php\/wp-json\/wp\/v2\/users\/1"}],"replies":[{"embeddable":true,"href":"https:\/\/www.droit-dentaire.fr\/index.php\/wp-json\/wp\/v2\/comments?post=109"}],"version-history":[{"count":29,"href":"https:\/\/www.droit-dentaire.fr\/index.php\/wp-json\/wp\/v2\/pages\/109\/revisions"}],"predecessor-version":[{"id":427,"href":"https:\/\/www.droit-dentaire.fr\/index.php\/wp-json\/wp\/v2\/pages\/109\/revisions\/427"}],"wp:attachment":[{"href":"https:\/\/www.droit-dentaire.fr\/index.php\/wp-json\/wp\/v2\/media?parent=109"}],"curies":[{"name":"wp","href":"https:\/\/api.w.org\/{rel}","templated":true}]}}